5)/(-20)?
71
Suppose 12 + 36 = 3*f. Let u = 90 - f. List the prime factors of u.
2, 37
Let y(f) = 29*f**2 + 8*f - 30. List the prime factors of y(5).
3, 5, 7
Let l(v) = 46*v**2 + 26*v + 77. What are the prime factors of l(-6)?
19, 83
Suppose 0 = 7*i - 654 - 8474. List the prime factors of i.
2, 163
Suppose 2*b + 1089 = -5*p, -4*b = 3*p + b + 642. Let i = p + 330. List the prime factors of i.
3, 37
Suppose 4*f - 99 - 37 = 0. Let w = 33 - f. List the prime factors of 26*(-2)/w*1.
2, 13
Let u(t) be the third derivative of -t**7/1680 - t**6/90 - t**5/60 + 3*t**2. Let k(a) be the third derivative of u(a). What are the prime factors of k(-8)?
2
Suppose -5*x + 0*p = 5*p - 1930, -x + 382 = 2*p. Suppose 4*i - 3*r = -121 + x, 289 = 4*i + r. What are the prime factors of i?
71
What are the prime factors of (-538)/((-129)/(-172) + (-5)/4)?
2, 269
Let f(x) = -2*x - 7. Suppose -4*n = 18 + 2. Let y be f(n). Suppose 0 = y*d - 6 - 48. What are the prime factors of d?
2, 3
Let m(b) = -11*b - 40. Let g = -1 - 4. List the prime factors of m(g).
3, 5
Suppose -u + 832 = v, -5*u = 7*v - 5*v - 4151. What are the prime factors of u?
829
Let n = -20 - 8. Let w = n + 28. Suppose w = 7*t - t - 258. What are the prime factors of t?
43
Let k(w) = w + 2. Let q be k(2). Let v(y) be the third derivative of y**5/60 - y**4/8 + 2*y**3/3 - 4*y**2. List the prime factors of v(q).
2
Let f be (-15)/(-25)*(226 - 1). Suppose 2*j = -5*x + 309, f = -3*x + 5*x - 3*j. What are the prime factors of x?
3, 7
List the prime factors of ((-211 + -1)*-3)/(-2 - -3).
2, 3, 53
Let j(i) = -i + 6. Let d be j(10). Let a be (-11 + 5)*2/d. Let f(t) = -t**3 + 7*t**2 - 7. What are the prime factors of f(a)?
29
What are the prime factors of (4 + 40/(-15))/((-4)/(-1986))?
2, 331
Suppose s - 18 = -5*s. Let p = 23 - 17. Suppose -s = -o + p. List the prime factors of o.
3
Let j = 11 + -9. Suppose 2*a - 144 = 7*y - j*y, -4 = -y. List the prime factors of a.
2, 41
What are the prime factors of 2/(10/2387) - 52/130?
3, 53
Suppose 0 = -w - 41 + 616. List the prime factors of w.
5, 23
Let t be 4/((-15)/6 - -3). Suppose -t = 2*c + 4. Let k(h) = -h**3 - 7*h**2 - 9*h. What are the prime factors of k(c)?
2, 3
Suppose 0 = -5*y + 10, y - 10637 = -410*c + 407*c. List the prime factors of c.
5, 709
Let x(o) be the second derivative of -o**4/12 + 7*o**3/6 + o. Let t be x(6). Let w = 11 - t. List the prime factors of w.
5
Suppose 63*w - 215693 + 35891 = 0. What are the prime factors of w?
2, 1427
Let f = 3 - -17. Suppose 0*k - 4*k = -f. Suppose -64 = a - 3*a - 3*c, a = k*c + 19. What are the prime factors of a?
29
Suppose 17 + 16 = 3*s. Suppose -5*q + 4 + s = 0. Let k = 18 - q. List the prime factors of k.
3, 5
Let a(d) = -d**3 - 9*d**2 - 4*d + 4. Let y be -6*(-1 + 4/8). Let s be (4 + -7)*(y + 0). What are the prime factors of a(s)?
2, 5
Suppose 0 = -3*z - 2*p - 3*p + 2288, 2*z - 5*p = 1542. What are the prime factors of z?
2, 383
Let b(y) be the third derivative of y**5/60 - y**4/12 + y**3/6 + 3*y**2. Let d be b(5). Suppose 2*v - 3*v = -d. What are the prime factors of v?
2
Let g = -41 + 536. List the prime factors of g.
3, 5, 11
Let h(m) be the first derivative of m**3/3 + 25*m**2/2 + 74*m + 30. What are the prime factors of h(-24)?
2, 5
Suppose -234 = -2*i + 96. Suppose 4*m - 3*l = m + i, 5*m = l + 259. Let g = m + 11. List the prime factors of g.
2, 31
Let s(y) = -9*y. Suppose 4*c = 9*c. Suppose c = -3*p - 2 - 4. What are the prime factors of s(p)?
2, 3
Let p(c) = 8*c**2 + 5*c - 2. Let x = 18 - 21. List the prime factors of p(x).
5, 11
Let n be (1 + 0 - 5/10)*26. What are the prime factors of n/((-26)/144)*3/(-4)?
2, 3
Let u(x) = x**3 - 6*x + 11. Let g be u(0). Let v(s) = 5*s**2 - s. Let h be v(1). Suppose -g = h*n - 155. List the prime factors of n.
2, 3
Let x(s) = s**3 - 27*s**2 + 23*s - 144. List the prime factors of x(29).
3, 5, 7
Let f = 174 - 85. Let u = -29 + f. Suppose -8*p = -13*p + u. List the prime factors of p.
2, 3
Suppose 11*p + 31*p = 7770. List the prime factors of p.
5, 37
Let u(n) = -71*n**3 - 28*n**2 + 2*n. List the prime factors of u(-3).
3, 7, 79
Let p(b) = -b**3 + 19*b**2 + 38*b - 25. What are the prime factors of p(16)?
7, 193
Suppose 0 = -i - 4*o - 35, -2*i + 2*o + 3*o - 5 = 0. Let s(l) = l**2 + l + 3. What are the prime factors of s(i)?
3, 71
Suppose z + 39 = -k, -5*z - 4*k + 59 = 256. Let b = z - -88. List the prime factors of b.
47
Let m = 63 + -60. List the prime factors of (-3 + (142 - m))*1.
2, 17
Let v(g) be the second derivative of -11*g**5/20 - g**4/2 - 7*g**3/6 - 5*g**2/2 - 45*g. What are the prime factors of v(-3)?
7, 37
Suppose -2*b + 0*b = 48. Let m(i) = -i**2 - 23*i + 51. List the prime factors of m(b).
3
Let h be 2*1 - (6 + 0)/3. Suppose -4*q + 20 = 0, -3*p + q = -h*q - 94. List the prime factors of p.
3, 11
Let p be 5583/(-39) + (-4)/(-26). Let o = 212 + p. What are the prime factors of o?
3, 23
Suppose -4*x + 13 - 53 = 0. Let j be x/5*28/8. Let m = -4 - j. What are the prime factors of m?
3
Suppose 0 = -4*w - 4*l, -4*w - 4*l + 3 = l. Let z(u) = u**2 + 4*u + 3. Let q be z(w). List the prime factors of 82/(-4)*(-2 - q).
41
Suppose 35 = 7*x + 14. Suppose 9 = 3*w + x. List the prime factors of w.
2
Suppose -2*g = 2*g + 36. Let b be 1*g*4/(-12). Suppose -44 = 2*o - b*o. What are the prime factors of o?
2, 11
Let m(t) = -t**2 + 27*t + 27. Let z be 2*1/(-11) - (-444)/22. What are the prime factors of m(z)?
167
Let h = -3 - -8. Suppose 4*w = -0*w - 0*w. Let t = h - w. What are the prime factors of t?
5
Let r be (2 - 72/4)*-5. Let k be 3/(12/r) - -4. Suppose 4*w - 201 = -g, 0 = -w + 3*g + k + 36. What are the prime factors of w?
3, 17
Suppose 3*p + 3*o - 584 = -221, -4*o - 623 = -5*p. What are the prime factors of p?
3, 41
Suppose -5*n + 0*n + 30 = 5*h, -n - 4*h = -18. Let f(u) = 1225*u**2 - 2456*u**2 + 2*u + 2 + u**3 + 1228*u**2. What are the prime factors of f(n)?
2
Let v(l) = -l**2 + 6*l + 2. Let j be v(5). Suppose c + 66 = j*c. List the prime factors of c.
11
Suppose -61*d + 3842 = -16166. List the prime factors of d.
2, 41
Suppose n - 3*n + 376 = 0. Suppose -3*r - 3*c = -7*c - 166, -4*r + n = 3*c. Suppose -3*x - 2*x = -r. List the prime factors of x.
2, 5
Let r be (-7)/14 + (-30)/(-4). Suppose 0 = -2*y - r + 9. Suppose -y - 9 = -2*j. What are the prime factors of j?
5
List the prime factors of (-66)/(-165) + 24263/5.
23, 211
Suppose 2*c = 2*n + 8222, -16452 = -4*c + 32*n - 30*n. What are the prime factors of c?
5, 823
Suppose 0 = 17*m - 21*m + 120. List the prime factors of 14/(-6)*m/(-21)*48.
2, 5
Suppose -1098 = -5*b + 1287. What are the prime factors of b?
3, 53
Suppose 5*h + 10055 = 10*h - 5*w, 0 = 3*w + 15. What are the prime factors of h?
2, 17, 59
Let s(z) = z. Let f(j) = -5*j + 89. Let b(u) = f(u) + 4*s(u). List the prime factors of b(0).
89
Suppose 20 = 5*q, -3*u + 3*q = -11387 + 3983. List the prime factors of u.
2, 3, 103
List the prime factors of (1 - 14/35)*730.
2, 3, 73
Suppose 5*q - 27 = 4*b, -5*b = -3*b + 2*q. What are the prime factors of 87*(-5)/(5*b)?
29
Suppose -14*s + 1766 = -2294. What are the prime factors of s?
2, 5, 29
Let d(f) = 5*f - 9. Let v(q) = q**2 + 11*q. Let n be v(-8). Let a = -17 - n. List the prime factors of d(a).
2, 13
Let d(n) = -4*n - 1. Let a be d(-1). Suppose 0 = -y + 3*x - 23, 3*y + a*x + 61 = -2*y. Let k = 28 + y. List the prime factors of k.
2, 7
Suppose -128*w = -120*w - 5616. List the prime factors of w.
2, 3, 13
Let l(h) = -h**3 + 12*h + 22. What are the prime factors of l(-9)?
643
Suppose 20 = -0*k + 5*k + 5*i, 3*k - 8 = i. Suppose 0*y + 420 = k*y. What are the prime factors of y?
2, 5, 7
Suppose -17*f = -9*f - 40. List the prime factors of 2/7 + (27125/49)/f.
3, 37
Suppose -4*l - k + 2 = -3*k, 0 = -4*l - 5*k + 37. Suppose 5*m + 23 = f, -l*f + 25 = -0*m - 4*m. Suppose 79 + 11 = f*y. List the prime factors of y.
2, 3, 5
What are the prime factors of 33*((-488)/(-10))/((-240)/(-200))?
2, 11, 61
Let w(o) be the second derivative of 43*o**3/6 + 8*o**2 + 37*o. List the prime factors of w(4).
2, 47
Let o be (0 - 9)/((-9)/27). Let z(t) = t - 9. Let k be z(0). Let y = o + k. List the prime factors of y.
2, 3
Let w = 969 - 417. What are the prime factors of w?
2, 3, 23
Suppose -2*m = -68 - 56. Let s = m + -26. List the prime factors of s.
2